
{"id":153,"date":"2023-03-01T18:07:57","date_gmt":"2023-03-01T18:07:57","guid":{"rendered":"https:\/\/fleteenguadalajara.com\/flete-en-jalisco\/?page_id=153"},"modified":"2023-03-01T22:28:55","modified_gmt":"2023-03-01T22:28:55","slug":"regional","status":"publish","type":"page","link":"https:\/\/fleteenguadalajara.com\/flete-en-jalisco\/regional\/","title":{"rendered":"Cobertura Regional"},"content":{"rendered":"<div class=\"container-fluid\">\n<div class=\"row\">\n<div class=\"col-md-4\">\n<ul>\n<li>Guadalajara<\/li>\n<li>GDL<\/li>\n<li>Zapopan<\/li>\n<li>Tlaquepaque<\/li>\n<li>Tonal\u00e1<\/li>\n<li>Tlajomulco<\/li>\n<li>Tesistan<\/li>\n<li>Santa Anita<\/li>\n<li>San Agust\u00edn<\/li>\n<li>San Isidro<\/li>\n<li>San Sebast\u00edan<\/li>\n<\/ul><\/div>\n<div class=\"col-md-4\">\n<ul>\n<li>El Verde<\/li>\n<li>Puente Grande<\/li>\n<li>Cajititl\u00e1n<\/li>\n<li>Sayula<\/li>\n<li>Tepatitl\u00e1n<\/li>\n<li>Chapala<\/li>\n<li>Ajijic<\/li>\n<li>Jocotepec<\/li>\n<li>Ocotl\u00e1n<\/li>\n<li>La Barca<\/li>\n<li>Zapotlanejo<\/li>\n<\/ul><\/div>\n<div class=\"col-md-4\">\n<ul>\n<li>El Salto<\/li>\n<li>Tequila<\/li>\n<li>Magdalena<\/li>\n<li>El Arenal<\/li>\n<li>Tapalapa<\/li>\n<li>Ciudad Guzm\u00e1n<\/li>\n<li>Ameca<\/li>\n<li>Tala<\/li>\n<li>San Juan de los Lagos<\/li>\n<\/ul><\/div>\n<\/p><\/div>\n<\/div>\n","protected":false},"excerpt":{"rendered":"<p>Guadalajara GDL Zapopan Tlaquepaque Tonal\u00e1 Tlajomulco Tesistan Santa Anita San Agust\u00edn San Isidro San Sebast\u00edan El Verde Puente Grande Cajititl\u00e1n Sayula Tepatitl\u00e1n Chapala Ajijic Jocotepec Ocotl\u00e1n La Barca Zapotlanejo El Salto Tequila Magdalena El Arenal Tapalapa Ciudad Guzm\u00e1n Ameca Tala San Juan de los Lagos<\/p>\n","protected":false},"author":1,"featured_media":0,"parent":0,"menu_order":7,"comment_status":"closed","ping_status":"closed","template":"","meta":{"_acf_changed":false,"footnotes":""},"class_list":["post-153","page","type-page","status-publish","hentry"],"acf":[],"yoast_head":"<!-- This site is optimized with the Yoast SEO plugin v23.1 - https:\/\/yoast.com\/wordpress\/plugins\/seo\/ -->\n<title>Cobertura Regional - Flete en Jalisco<\/title>\n<meta name=\"robots\" content=\"index, follow, max-snippet:-1, max-image-preview:large, max-video-preview:-1\" \/>\n<link rel=\"canonical\" href=\"https:\/\/fleteenguadalajara.com\/flete-en-jalisco\/regional\/\" \/>\n<meta property=\"og:locale\" content=\"es_MX\" \/>\n<meta property=\"og:type\" content=\"article\" \/>\n<meta property=\"og:title\" content=\"Cobertura Regional - Flete en Jalisco\" \/>\n<meta property=\"og:description\" content=\"Guadalajara GDL Zapopan Tlaquepaque Tonal\u00e1 Tlajomulco Tesistan Santa Anita San Agust\u00edn San Isidro San Sebast\u00edan El Verde Puente Grande Cajititl\u00e1n Sayula Tepatitl\u00e1n Chapala Ajijic Jocotepec Ocotl\u00e1n La Barca Zapotlanejo El Salto Tequila Magdalena El Arenal Tapalapa Ciudad Guzm\u00e1n Ameca Tala San Juan de los Lagos\" \/>\n<meta property=\"og:url\" content=\"https:\/\/fleteenguadalajara.com\/flete-en-jalisco\/regional\/\" \/>\n<meta property=\"og:site_name\" content=\"Flete en Jalisco\" \/>\n<meta property=\"article:modified_time\" content=\"2023-03-01T22:28:55+00:00\" \/>\n<meta name=\"twitter:card\" content=\"summary_large_image\" \/>\n<meta name=\"twitter:label1\" content=\"Tiempo de lectura\" \/>\n\t<meta name=\"twitter:data1\" content=\"1 minuto\" \/>\n<script type=\"application\/ld+json\" class=\"yoast-schema-graph\">{\"@context\":\"https:\/\/schema.org\",\"@graph\":[{\"@type\":\"WebPage\",\"@id\":\"https:\/\/fleteenguadalajara.com\/flete-en-jalisco\/regional\/\",\"url\":\"https:\/\/fleteenguadalajara.com\/flete-en-jalisco\/regional\/\",\"name\":\"Cobertura Regional - Flete en Jalisco\",\"isPartOf\":{\"@id\":\"https:\/\/fleteenguadalajara.com\/flete-en-jalisco\/#website\"},\"datePublished\":\"2023-03-01T18:07:57+00:00\",\"dateModified\":\"2023-03-01T22:28:55+00:00\",\"breadcrumb\":{\"@id\":\"https:\/\/fleteenguadalajara.com\/flete-en-jalisco\/regional\/#breadcrumb\"},\"inLanguage\":\"es\",\"potentialAction\":[{\"@type\":\"ReadAction\",\"target\":[\"https:\/\/fleteenguadalajara.com\/flete-en-jalisco\/regional\/\"]}]},{\"@type\":\"BreadcrumbList\",\"@id\":\"https:\/\/fleteenguadalajara.com\/flete-en-jalisco\/regional\/#breadcrumb\",\"itemListElement\":[{\"@type\":\"ListItem\",\"position\":1,\"name\":\"Inicio\",\"item\":\"https:\/\/fleteenguadalajara.com\/flete-en-jalisco\/\"},{\"@type\":\"ListItem\",\"position\":2,\"name\":\"Cobertura Regional\"}]},{\"@type\":\"WebSite\",\"@id\":\"https:\/\/fleteenguadalajara.com\/flete-en-jalisco\/#website\",\"url\":\"https:\/\/fleteenguadalajara.com\/flete-en-jalisco\/\",\"name\":\"Flete en Jalisco\",\"description\":\"\",\"publisher\":{\"@id\":\"https:\/\/fleteenguadalajara.com\/flete-en-jalisco\/#organization\"},\"potentialAction\":[{\"@type\":\"SearchAction\",\"target\":{\"@type\":\"EntryPoint\",\"urlTemplate\":\"https:\/\/fleteenguadalajara.com\/flete-en-jalisco\/?s={search_term_string}\"},\"query-input\":\"required name=search_term_string\"}],\"inLanguage\":\"es\"},{\"@type\":\"Organization\",\"@id\":\"https:\/\/fleteenguadalajara.com\/flete-en-jalisco\/#organization\",\"name\":\"Flete en Jalisco\",\"url\":\"https:\/\/fleteenguadalajara.com\/flete-en-jalisco\/\",\"logo\":{\"@type\":\"ImageObject\",\"inLanguage\":\"es\",\"@id\":\"https:\/\/fleteenguadalajara.com\/flete-en-jalisco\/#\/schema\/logo\/image\/\",\"url\":\"https:\/\/fleteenguadalajara.com\/flete-en-jalisco\/wp-content\/uploads\/sites\/3\/2023\/02\/logo-v7-3.png\",\"contentUrl\":\"https:\/\/fleteenguadalajara.com\/flete-en-jalisco\/wp-content\/uploads\/sites\/3\/2023\/02\/logo-v7-3.png\",\"width\":130,\"height\":109,\"caption\":\"Flete en Jalisco\"},\"image\":{\"@id\":\"https:\/\/fleteenguadalajara.com\/flete-en-jalisco\/#\/schema\/logo\/image\/\"}}]}<\/script>\n<!-- \/ Yoast SEO plugin. -->","yoast_head_json":{"title":"Cobertura Regional - Flete en Jalisco","robots":{"index":"index","follow":"follow","max-snippet":"max-snippet:-1","max-image-preview":"max-image-preview:large","max-video-preview":"max-video-preview:-1"},"canonical":"https:\/\/fleteenguadalajara.com\/flete-en-jalisco\/regional\/","og_locale":"es_MX","og_type":"article","og_title":"Cobertura Regional - Flete en Jalisco","og_description":"Guadalajara GDL Zapopan Tlaquepaque Tonal\u00e1 Tlajomulco Tesistan Santa Anita San Agust\u00edn San Isidro San Sebast\u00edan El Verde Puente Grande Cajititl\u00e1n Sayula Tepatitl\u00e1n Chapala Ajijic Jocotepec Ocotl\u00e1n La Barca Zapotlanejo El Salto Tequila Magdalena El Arenal Tapalapa Ciudad Guzm\u00e1n Ameca Tala San Juan de los Lagos","og_url":"https:\/\/fleteenguadalajara.com\/flete-en-jalisco\/regional\/","og_site_name":"Flete en Jalisco","article_modified_time":"2023-03-01T22:28:55+00:00","twitter_card":"summary_large_image","twitter_misc":{"Tiempo de lectura":"1 minuto"},"schema":{"@context":"https:\/\/schema.org","@graph":[{"@type":"WebPage","@id":"https:\/\/fleteenguadalajara.com\/flete-en-jalisco\/regional\/","url":"https:\/\/fleteenguadalajara.com\/flete-en-jalisco\/regional\/","name":"Cobertura Regional - Flete en Jalisco","isPartOf":{"@id":"https:\/\/fleteenguadalajara.com\/flete-en-jalisco\/#website"},"datePublished":"2023-03-01T18:07:57+00:00","dateModified":"2023-03-01T22:28:55+00:00","breadcrumb":{"@id":"https:\/\/fleteenguadalajara.com\/flete-en-jalisco\/regional\/#breadcrumb"},"inLanguage":"es","potentialAction":[{"@type":"ReadAction","target":["https:\/\/fleteenguadalajara.com\/flete-en-jalisco\/regional\/"]}]},{"@type":"BreadcrumbList","@id":"https:\/\/fleteenguadalajara.com\/flete-en-jalisco\/regional\/#breadcrumb","itemListElement":[{"@type":"ListItem","position":1,"name":"Inicio","item":"https:\/\/fleteenguadalajara.com\/flete-en-jalisco\/"},{"@type":"ListItem","position":2,"name":"Cobertura Regional"}]},{"@type":"WebSite","@id":"https:\/\/fleteenguadalajara.com\/flete-en-jalisco\/#website","url":"https:\/\/fleteenguadalajara.com\/flete-en-jalisco\/","name":"Flete en Jalisco","description":"","publisher":{"@id":"https:\/\/fleteenguadalajara.com\/flete-en-jalisco\/#organization"},"potentialAction":[{"@type":"SearchAction","target":{"@type":"EntryPoint","urlTemplate":"https:\/\/fleteenguadalajara.com\/flete-en-jalisco\/?s={search_term_string}"},"query-input":"required name=search_term_string"}],"inLanguage":"es"},{"@type":"Organization","@id":"https:\/\/fleteenguadalajara.com\/flete-en-jalisco\/#organization","name":"Flete en Jalisco","url":"https:\/\/fleteenguadalajara.com\/flete-en-jalisco\/","logo":{"@type":"ImageObject","inLanguage":"es","@id":"https:\/\/fleteenguadalajara.com\/flete-en-jalisco\/#\/schema\/logo\/image\/","url":"https:\/\/fleteenguadalajara.com\/flete-en-jalisco\/wp-content\/uploads\/sites\/3\/2023\/02\/logo-v7-3.png","contentUrl":"https:\/\/fleteenguadalajara.com\/flete-en-jalisco\/wp-content\/uploads\/sites\/3\/2023\/02\/logo-v7-3.png","width":130,"height":109,"caption":"Flete en Jalisco"},"image":{"@id":"https:\/\/fleteenguadalajara.com\/flete-en-jalisco\/#\/schema\/logo\/image\/"}}]}},"_links":{"self":[{"href":"https:\/\/fleteenguadalajara.com\/flete-en-jalisco\/wp-json\/wp\/v2\/pages\/153"}],"collection":[{"href":"https:\/\/fleteenguadalajara.com\/flete-en-jalisco\/wp-json\/wp\/v2\/pages"}],"about":[{"href":"https:\/\/fleteenguadalajara.com\/flete-en-jalisco\/wp-json\/wp\/v2\/types\/page"}],"author":[{"embeddable":true,"href":"https:\/\/fleteenguadalajara.com\/flete-en-jalisco\/wp-json\/wp\/v2\/users\/1"}],"replies":[{"embeddable":true,"href":"https:\/\/fleteenguadalajara.com\/flete-en-jalisco\/wp-json\/wp\/v2\/comments?post=153"}],"version-history":[{"count":0,"href":"https:\/\/fleteenguadalajara.com\/flete-en-jalisco\/wp-json\/wp\/v2\/pages\/153\/revisions"}],"wp:attachment":[{"href":"https:\/\/fleteenguadalajara.com\/flete-en-jalisco\/wp-json\/wp\/v2\/media?parent=153"}],"curies":[{"name":"wp","href":"https:\/\/api.w.org\/{rel}","templated":true}]}}

<div class="container-fluid">
<div class="row">
<div class="col-md-4">
<ul>
<li>Guadalajara</li>
<li>GDL</li>
<li>Zapopan</li>
<li>Tlaquepaque</li>
<li>Tonalá</li>
<li>Tlajomulco</li>
<li>Tesistan</li>
<li>Santa Anita</li>
<li>San Agustín</li>
<li>San Isidro</li>
<li>San Sebastían</li>
</ul></div>
<div class="col-md-4">
<ul>
<li>El Verde</li>
<li>Puente Grande</li>
<li>Cajititlán</li>
<li>Sayula</li>
<li>Tepatitlán</li>
<li>Chapala</li>
<li>Ajijic</li>
<li>Jocotepec</li>
<li>Ocotlán</li>
<li>La Barca</li>
<li>Zapotlanejo</li>
</ul></div>
<div class="col-md-4">
<ul>
<li>El Salto</li>
<li>Tequila</li>
<li>Magdalena</li>
<li>El Arenal</li>
<li>Tapalapa</li>
<li>Ciudad Guzmán</li>
<li>Ameca</li>
<li>Tala</li>
<li>San Juan de los Lagos</li>
</ul></div>
</p></div>
</div>

<p>Guadalajara GDL Zapopan Tlaquepaque Tonalá Tlajomulco Tesistan Santa Anita San Agustín San Isidro San Sebastían El Verde Puente Grande Cajititlán Sayula Tepatitlán Chapala Ajijic Jocotepec Ocotlán La Barca Zapotlanejo El Salto Tequila Magdalena El Arenal Tapalapa Ciudad Guzmán Ameca Tala San Juan de los Lagos</p>

<!-- This site is optimized with the Yoast SEO plugin v23.1 - https://yoast.com/wordpress/plugins/seo/ -->
<title>Cobertura Regional - Flete en Jalisco</title>
<meta name="robots" content="index, follow, max-snippet:-1, max-image-preview:large, max-video-preview:-1" />
<link rel="canonical" href="https://fleteenguadalajara.com/flete-en-jalisco/regional/" />
<meta property="og:locale" content="es_MX" />
<meta property="og:type" content="article" />
<meta property="og:title" content="Cobertura Regional - Flete en Jalisco" />
<meta property="og:description" content="Guadalajara GDL Zapopan Tlaquepaque Tonalá Tlajomulco Tesistan Santa Anita San Agustín San Isidro San Sebastían El Verde Puente Grande Cajititlán Sayula Tepatitlán Chapala Ajijic Jocotepec Ocotlán La Barca Zapotlanejo El Salto Tequila Magdalena El Arenal Tapalapa Ciudad Guzmán Ameca Tala San Juan de los Lagos" />
<meta property="og:url" content="https://fleteenguadalajara.com/flete-en-jalisco/regional/" />
<meta property="og:site_name" content="Flete en Jalisco" />
<meta property="article:modified_time" content="2023-03-01T22:28:55+00:00" />
<meta name="twitter:card" content="summary_large_image" />
<meta name="twitter:label1" content="Tiempo de lectura" />
	<meta name="twitter:data1" content="1 minuto" />
<script type="application/ld+json" class="yoast-schema-graph">{"@context":"https://schema.org","@graph":[{"@type":"WebPage","@id":"https://fleteenguadalajara.com/flete-en-jalisco/regional/","url":"https://fleteenguadalajara.com/flete-en-jalisco/regional/","name":"Cobertura Regional - Flete en Jalisco","isPartOf":{"@id":"https://fleteenguadalajara.com/flete-en-jalisco/#website"},"datePublished":"2023-03-01T18:07:57+00:00","dateModified":"2023-03-01T22:28:55+00:00","breadcrumb":{"@id":"https://fleteenguadalajara.com/flete-en-jalisco/regional/#breadcrumb"},"inLanguage":"es","potentialAction":[{"@type":"ReadAction","target":["https://fleteenguadalajara.com/flete-en-jalisco/regional/"]}]},{"@type":"BreadcrumbList","@id":"https://fleteenguadalajara.com/flete-en-jalisco/regional/#breadcrumb","itemListElement":[{"@type":"ListItem","position":1,"name":"Inicio","item":"https://fleteenguadalajara.com/flete-en-jalisco/"},{"@type":"ListItem","position":2,"name":"Cobertura Regional"}]},{"@type":"WebSite","@id":"https://fleteenguadalajara.com/flete-en-jalisco/#website","url":"https://fleteenguadalajara.com/flete-en-jalisco/","name":"Flete en Jalisco","description":"","publisher":{"@id":"https://fleteenguadalajara.com/flete-en-jalisco/#organization"},"potentialAction":[{"@type":"SearchAction","target":{"@type":"EntryPoint","urlTemplate":"https://fleteenguadalajara.com/flete-en-jalisco/?s={search_term_string}"},"query-input":"required name=search_term_string"}],"inLanguage":"es"},{"@type":"Organization","@id":"https://fleteenguadalajara.com/flete-en-jalisco/#organization","name":"Flete en Jalisco","url":"https://fleteenguadalajara.com/flete-en-jalisco/","logo":{"@type":"ImageObject","inLanguage":"es","@id":"https://fleteenguadalajara.com/flete-en-jalisco/#/schema/logo/image/","url":"https://fleteenguadalajara.com/flete-en-jalisco/wp-content/uploads/sites/3/2023/02/logo-v7-3.png","contentUrl":"https://fleteenguadalajara.com/flete-en-jalisco/wp-content/uploads/sites/3/2023/02/logo-v7-3.png","width":130,"height":109,"caption":"Flete en Jalisco"},"image":{"@id":"https://fleteenguadalajara.com/flete-en-jalisco/#/schema/logo/image/"}}]}</script>
<!-- / Yoast SEO plugin. -->

Guadalajara GDL Zapopan Tlaquepaque Tonalá Tlajomulco Tesistan Santa Anita San Agustín San Isidro San Sebastían El Verde Puente Grande Cajititlán Sayula Tepatitlán Chapala Ajijic Jocotepec Ocotlán La Barca Zapotlanejo El Salto Tequila Magdalena El Arenal Tapalapa Ciudad Guzmán Ameca Tala San Juan de los Lagos
