
{"id":426,"date":"2023-03-12T21:28:14","date_gmt":"2023-03-12T21:28:14","guid":{"rendered":"https:\/\/fleteenguadalajara.com\/flete-en-jalisco\/?page_id=426"},"modified":"2023-03-12T21:28:14","modified_gmt":"2023-03-12T21:28:14","slug":"fletes-en-camion-y-camioneta-plataformas-y-redilas","status":"publish","type":"page","link":"https:\/\/fleteenguadalajara.com\/flete-en-jalisco\/fletes-en-camion-y-camioneta-plataformas-y-redilas\/","title":{"rendered":"Fletes en cami\u00f3n y camioneta plataformas y redilas"},"content":{"rendered":"<div class=\"row\">\n<div class=\"col-md-6\">\nSon una excelente opci\u00f3n para transportar cargas de gran tama\u00f1o, volumen  o peso y las plataformas y redilas son ideales para cargas que no requieren protecci\u00f3n contra el clima o solo cubrirlas con una lona pl\u00e1stica  y su naturaleza de carga con gr\u00faa o montacargas  por diferentes extremos de la plataforma,  son muy vers\u00e1tiles y pueden transportar una amplia variedad de productos, desde maquinarias hasta materiales de construcci\u00f3n.  <\/p>\n<p>Conclusi\u00f3n, los fletes en camioneta plataforma o redilas son una buena opci\u00f3n y vers\u00e1tiles que se adapta a muchos tipo de carga de empresas\n<\/p><\/div>\n<div class=\"col-md-6\">\n<img decoding=\"async\" src=\"https:\/\/fleteenguadalajara.com\/flete-en-jalisco\/wp-content\/uploads\/sites\/3\/2023\/02\/camion.jpg\" alt=\"\" class=\"img-fluid\" \/>\n<\/div>\n<\/div>\n","protected":false},"excerpt":{"rendered":"<p>Son una excelente opci\u00f3n para transportar cargas de gran tama\u00f1o, volumen o peso y las plataformas y redilas son ideales para cargas que no requieren protecci\u00f3n contra el clima o solo cubrirlas con una lona pl\u00e1stica y su naturaleza de carga con gr\u00faa o montacargas por diferentes extremos de la plataforma, son muy vers\u00e1tiles y [&hellip;]<\/p>\n","protected":false},"author":1,"featured_media":0,"parent":0,"menu_order":0,"comment_status":"closed","ping_status":"closed","template":"","meta":{"_acf_changed":false,"footnotes":""},"class_list":["post-426","page","type-page","status-publish","hentry"],"acf":[],"yoast_head":"<!-- This site is optimized with the Yoast SEO plugin v23.1 - https:\/\/yoast.com\/wordpress\/plugins\/seo\/ -->\n<title>Fletes en cami\u00f3n y camioneta plataformas y redilas - Flete en Jalisco<\/title>\n<meta name=\"robots\" content=\"index, follow, max-snippet:-1, max-image-preview:large, max-video-preview:-1\" \/>\n<link rel=\"canonical\" href=\"https:\/\/fleteenguadalajara.com\/flete-en-jalisco\/fletes-en-camion-y-camioneta-plataformas-y-redilas\/\" \/>\n<meta property=\"og:locale\" content=\"es_MX\" \/>\n<meta property=\"og:type\" content=\"article\" \/>\n<meta property=\"og:title\" content=\"Fletes en cami\u00f3n y camioneta plataformas y redilas - Flete en Jalisco\" \/>\n<meta property=\"og:description\" content=\"Son una excelente opci\u00f3n para transportar cargas de gran tama\u00f1o, volumen o peso y las plataformas y redilas son ideales para cargas que no requieren protecci\u00f3n contra el clima o solo cubrirlas con una lona pl\u00e1stica y su naturaleza de carga con gr\u00faa o montacargas por diferentes extremos de la plataforma, son muy vers\u00e1tiles y [&hellip;]\" \/>\n<meta property=\"og:url\" content=\"https:\/\/fleteenguadalajara.com\/flete-en-jalisco\/fletes-en-camion-y-camioneta-plataformas-y-redilas\/\" \/>\n<meta property=\"og:site_name\" content=\"Flete en Jalisco\" \/>\n<meta property=\"og:image\" content=\"https:\/\/fleteenguadalajara.com\/flete-en-jalisco\/wp-content\/uploads\/sites\/3\/2023\/02\/camion.jpg\" \/>\n<meta name=\"twitter:card\" content=\"summary_large_image\" \/>\n<script type=\"application\/ld+json\" class=\"yoast-schema-graph\">{\"@context\":\"https:\/\/schema.org\",\"@graph\":[{\"@type\":\"WebPage\",\"@id\":\"https:\/\/fleteenguadalajara.com\/flete-en-jalisco\/fletes-en-camion-y-camioneta-plataformas-y-redilas\/\",\"url\":\"https:\/\/fleteenguadalajara.com\/flete-en-jalisco\/fletes-en-camion-y-camioneta-plataformas-y-redilas\/\",\"name\":\"Fletes en cami\u00f3n y camioneta plataformas y redilas - Flete en Jalisco\",\"isPartOf\":{\"@id\":\"https:\/\/fleteenguadalajara.com\/flete-en-jalisco\/#website\"},\"primaryImageOfPage\":{\"@id\":\"https:\/\/fleteenguadalajara.com\/flete-en-jalisco\/fletes-en-camion-y-camioneta-plataformas-y-redilas\/#primaryimage\"},\"image\":{\"@id\":\"https:\/\/fleteenguadalajara.com\/flete-en-jalisco\/fletes-en-camion-y-camioneta-plataformas-y-redilas\/#primaryimage\"},\"thumbnailUrl\":\"https:\/\/fleteenguadalajara.com\/flete-en-jalisco\/wp-content\/uploads\/sites\/3\/2023\/02\/camion.jpg\",\"datePublished\":\"2023-03-12T21:28:14+00:00\",\"dateModified\":\"2023-03-12T21:28:14+00:00\",\"breadcrumb\":{\"@id\":\"https:\/\/fleteenguadalajara.com\/flete-en-jalisco\/fletes-en-camion-y-camioneta-plataformas-y-redilas\/#breadcrumb\"},\"inLanguage\":\"es\",\"potentialAction\":[{\"@type\":\"ReadAction\",\"target\":[\"https:\/\/fleteenguadalajara.com\/flete-en-jalisco\/fletes-en-camion-y-camioneta-plataformas-y-redilas\/\"]}]},{\"@type\":\"ImageObject\",\"inLanguage\":\"es\",\"@id\":\"https:\/\/fleteenguadalajara.com\/flete-en-jalisco\/fletes-en-camion-y-camioneta-plataformas-y-redilas\/#primaryimage\",\"url\":\"https:\/\/fleteenguadalajara.com\/flete-en-jalisco\/wp-content\/uploads\/sites\/3\/2023\/02\/camion.jpg\",\"contentUrl\":\"https:\/\/fleteenguadalajara.com\/flete-en-jalisco\/wp-content\/uploads\/sites\/3\/2023\/02\/camion.jpg\",\"width\":1280,\"height\":576},{\"@type\":\"BreadcrumbList\",\"@id\":\"https:\/\/fleteenguadalajara.com\/flete-en-jalisco\/fletes-en-camion-y-camioneta-plataformas-y-redilas\/#breadcrumb\",\"itemListElement\":[{\"@type\":\"ListItem\",\"position\":1,\"name\":\"Inicio\",\"item\":\"https:\/\/fleteenguadalajara.com\/flete-en-jalisco\/\"},{\"@type\":\"ListItem\",\"position\":2,\"name\":\"Fletes en cami\u00f3n y camioneta plataformas y redilas\"}]},{\"@type\":\"WebSite\",\"@id\":\"https:\/\/fleteenguadalajara.com\/flete-en-jalisco\/#website\",\"url\":\"https:\/\/fleteenguadalajara.com\/flete-en-jalisco\/\",\"name\":\"Flete en Jalisco\",\"description\":\"\",\"publisher\":{\"@id\":\"https:\/\/fleteenguadalajara.com\/flete-en-jalisco\/#organization\"},\"potentialAction\":[{\"@type\":\"SearchAction\",\"target\":{\"@type\":\"EntryPoint\",\"urlTemplate\":\"https:\/\/fleteenguadalajara.com\/flete-en-jalisco\/?s={search_term_string}\"},\"query-input\":\"required name=search_term_string\"}],\"inLanguage\":\"es\"},{\"@type\":\"Organization\",\"@id\":\"https:\/\/fleteenguadalajara.com\/flete-en-jalisco\/#organization\",\"name\":\"Flete en Jalisco\",\"url\":\"https:\/\/fleteenguadalajara.com\/flete-en-jalisco\/\",\"logo\":{\"@type\":\"ImageObject\",\"inLanguage\":\"es\",\"@id\":\"https:\/\/fleteenguadalajara.com\/flete-en-jalisco\/#\/schema\/logo\/image\/\",\"url\":\"https:\/\/fleteenguadalajara.com\/flete-en-jalisco\/wp-content\/uploads\/sites\/3\/2023\/02\/logo-v7-3.png\",\"contentUrl\":\"https:\/\/fleteenguadalajara.com\/flete-en-jalisco\/wp-content\/uploads\/sites\/3\/2023\/02\/logo-v7-3.png\",\"width\":130,\"height\":109,\"caption\":\"Flete en Jalisco\"},\"image\":{\"@id\":\"https:\/\/fleteenguadalajara.com\/flete-en-jalisco\/#\/schema\/logo\/image\/\"}}]}<\/script>\n<!-- \/ Yoast SEO plugin. -->","yoast_head_json":{"title":"Fletes en cami\u00f3n y camioneta plataformas y redilas - Flete en Jalisco","robots":{"index":"index","follow":"follow","max-snippet":"max-snippet:-1","max-image-preview":"max-image-preview:large","max-video-preview":"max-video-preview:-1"},"canonical":"https:\/\/fleteenguadalajara.com\/flete-en-jalisco\/fletes-en-camion-y-camioneta-plataformas-y-redilas\/","og_locale":"es_MX","og_type":"article","og_title":"Fletes en cami\u00f3n y camioneta plataformas y redilas - Flete en Jalisco","og_description":"Son una excelente opci\u00f3n para transportar cargas de gran tama\u00f1o, volumen o peso y las plataformas y redilas son ideales para cargas que no requieren protecci\u00f3n contra el clima o solo cubrirlas con una lona pl\u00e1stica y su naturaleza de carga con gr\u00faa o montacargas por diferentes extremos de la plataforma, son muy vers\u00e1tiles y [&hellip;]","og_url":"https:\/\/fleteenguadalajara.com\/flete-en-jalisco\/fletes-en-camion-y-camioneta-plataformas-y-redilas\/","og_site_name":"Flete en Jalisco","og_image":[{"url":"https:\/\/fleteenguadalajara.com\/flete-en-jalisco\/wp-content\/uploads\/sites\/3\/2023\/02\/camion.jpg"}],"twitter_card":"summary_large_image","schema":{"@context":"https:\/\/schema.org","@graph":[{"@type":"WebPage","@id":"https:\/\/fleteenguadalajara.com\/flete-en-jalisco\/fletes-en-camion-y-camioneta-plataformas-y-redilas\/","url":"https:\/\/fleteenguadalajara.com\/flete-en-jalisco\/fletes-en-camion-y-camioneta-plataformas-y-redilas\/","name":"Fletes en cami\u00f3n y camioneta plataformas y redilas - Flete en Jalisco","isPartOf":{"@id":"https:\/\/fleteenguadalajara.com\/flete-en-jalisco\/#website"},"primaryImageOfPage":{"@id":"https:\/\/fleteenguadalajara.com\/flete-en-jalisco\/fletes-en-camion-y-camioneta-plataformas-y-redilas\/#primaryimage"},"image":{"@id":"https:\/\/fleteenguadalajara.com\/flete-en-jalisco\/fletes-en-camion-y-camioneta-plataformas-y-redilas\/#primaryimage"},"thumbnailUrl":"https:\/\/fleteenguadalajara.com\/flete-en-jalisco\/wp-content\/uploads\/sites\/3\/2023\/02\/camion.jpg","datePublished":"2023-03-12T21:28:14+00:00","dateModified":"2023-03-12T21:28:14+00:00","breadcrumb":{"@id":"https:\/\/fleteenguadalajara.com\/flete-en-jalisco\/fletes-en-camion-y-camioneta-plataformas-y-redilas\/#breadcrumb"},"inLanguage":"es","potentialAction":[{"@type":"ReadAction","target":["https:\/\/fleteenguadalajara.com\/flete-en-jalisco\/fletes-en-camion-y-camioneta-plataformas-y-redilas\/"]}]},{"@type":"ImageObject","inLanguage":"es","@id":"https:\/\/fleteenguadalajara.com\/flete-en-jalisco\/fletes-en-camion-y-camioneta-plataformas-y-redilas\/#primaryimage","url":"https:\/\/fleteenguadalajara.com\/flete-en-jalisco\/wp-content\/uploads\/sites\/3\/2023\/02\/camion.jpg","contentUrl":"https:\/\/fleteenguadalajara.com\/flete-en-jalisco\/wp-content\/uploads\/sites\/3\/2023\/02\/camion.jpg","width":1280,"height":576},{"@type":"BreadcrumbList","@id":"https:\/\/fleteenguadalajara.com\/flete-en-jalisco\/fletes-en-camion-y-camioneta-plataformas-y-redilas\/#breadcrumb","itemListElement":[{"@type":"ListItem","position":1,"name":"Inicio","item":"https:\/\/fleteenguadalajara.com\/flete-en-jalisco\/"},{"@type":"ListItem","position":2,"name":"Fletes en cami\u00f3n y camioneta plataformas y redilas"}]},{"@type":"WebSite","@id":"https:\/\/fleteenguadalajara.com\/flete-en-jalisco\/#website","url":"https:\/\/fleteenguadalajara.com\/flete-en-jalisco\/","name":"Flete en Jalisco","description":"","publisher":{"@id":"https:\/\/fleteenguadalajara.com\/flete-en-jalisco\/#organization"},"potentialAction":[{"@type":"SearchAction","target":{"@type":"EntryPoint","urlTemplate":"https:\/\/fleteenguadalajara.com\/flete-en-jalisco\/?s={search_term_string}"},"query-input":"required name=search_term_string"}],"inLanguage":"es"},{"@type":"Organization","@id":"https:\/\/fleteenguadalajara.com\/flete-en-jalisco\/#organization","name":"Flete en Jalisco","url":"https:\/\/fleteenguadalajara.com\/flete-en-jalisco\/","logo":{"@type":"ImageObject","inLanguage":"es","@id":"https:\/\/fleteenguadalajara.com\/flete-en-jalisco\/#\/schema\/logo\/image\/","url":"https:\/\/fleteenguadalajara.com\/flete-en-jalisco\/wp-content\/uploads\/sites\/3\/2023\/02\/logo-v7-3.png","contentUrl":"https:\/\/fleteenguadalajara.com\/flete-en-jalisco\/wp-content\/uploads\/sites\/3\/2023\/02\/logo-v7-3.png","width":130,"height":109,"caption":"Flete en Jalisco"},"image":{"@id":"https:\/\/fleteenguadalajara.com\/flete-en-jalisco\/#\/schema\/logo\/image\/"}}]}},"_links":{"self":[{"href":"https:\/\/fleteenguadalajara.com\/flete-en-jalisco\/wp-json\/wp\/v2\/pages\/426"}],"collection":[{"href":"https:\/\/fleteenguadalajara.com\/flete-en-jalisco\/wp-json\/wp\/v2\/pages"}],"about":[{"href":"https:\/\/fleteenguadalajara.com\/flete-en-jalisco\/wp-json\/wp\/v2\/types\/page"}],"author":[{"embeddable":true,"href":"https:\/\/fleteenguadalajara.com\/flete-en-jalisco\/wp-json\/wp\/v2\/users\/1"}],"replies":[{"embeddable":true,"href":"https:\/\/fleteenguadalajara.com\/flete-en-jalisco\/wp-json\/wp\/v2\/comments?post=426"}],"version-history":[{"count":0,"href":"https:\/\/fleteenguadalajara.com\/flete-en-jalisco\/wp-json\/wp\/v2\/pages\/426\/revisions"}],"wp:attachment":[{"href":"https:\/\/fleteenguadalajara.com\/flete-en-jalisco\/wp-json\/wp\/v2\/media?parent=426"}],"curies":[{"name":"wp","href":"https:\/\/api.w.org\/{rel}","templated":true}]}}

Fletes en camión y camioneta plataformas y redilas

<div class="row">
<div class="col-md-6">
Son una excelente opción para transportar cargas de gran tamaño, volumen  o peso y las plataformas y redilas son ideales para cargas que no requieren protección contra el clima o solo cubrirlas con una lona plástica  y su naturaleza de carga con grúa o montacargas  por diferentes extremos de la plataforma,  son muy versátiles y pueden transportar una amplia variedad de productos, desde maquinarias hasta materiales de construcción.  </p>
<p>Conclusión, los fletes en camioneta plataforma o redilas son una buena opción y versátiles que se adapta a muchos tipo de carga de empresas
</p></div>
<div class="col-md-6">
<img decoding="async" src="https://fleteenguadalajara.com/flete-en-jalisco/wp-content/uploads/sites/3/2023/02/camion.jpg" alt="" class="img-fluid" />
</div>
</div>

<p>Son una excelente opción para transportar cargas de gran tamaño, volumen o peso y las plataformas y redilas son ideales para cargas que no requieren protección contra el clima o solo cubrirlas con una lona plástica y su naturaleza de carga con grúa o montacargas por diferentes extremos de la plataforma, son muy versátiles y [&hellip;]</p>

<!-- This site is optimized with the Yoast SEO plugin v23.1 - https://yoast.com/wordpress/plugins/seo/ -->
<title>Fletes en camión y camioneta plataformas y redilas - Flete en Jalisco</title>
<meta name="robots" content="index, follow, max-snippet:-1, max-image-preview:large, max-video-preview:-1" />
<link rel="canonical" href="https://fleteenguadalajara.com/flete-en-jalisco/fletes-en-camion-y-camioneta-plataformas-y-redilas/" />
<meta property="og:locale" content="es_MX" />
<meta property="og:type" content="article" />
<meta property="og:title" content="Fletes en camión y camioneta plataformas y redilas - Flete en Jalisco" />
<meta property="og:description" content="Son una excelente opción para transportar cargas de gran tamaño, volumen o peso y las plataformas y redilas son ideales para cargas que no requieren protección contra el clima o solo cubrirlas con una lona plástica y su naturaleza de carga con grúa o montacargas por diferentes extremos de la plataforma, son muy versátiles y [&hellip;]" />
<meta property="og:url" content="https://fleteenguadalajara.com/flete-en-jalisco/fletes-en-camion-y-camioneta-plataformas-y-redilas/" />
<meta property="og:site_name" content="Flete en Jalisco" />
<meta property="og:image" content="https://fleteenguadalajara.com/flete-en-jalisco/wp-content/uploads/sites/3/2023/02/camion.jpg" />
<meta name="twitter:card" content="summary_large_image" />
<script type="application/ld+json" class="yoast-schema-graph">{"@context":"https://schema.org","@graph":[{"@type":"WebPage","@id":"https://fleteenguadalajara.com/flete-en-jalisco/fletes-en-camion-y-camioneta-plataformas-y-redilas/","url":"https://fleteenguadalajara.com/flete-en-jalisco/fletes-en-camion-y-camioneta-plataformas-y-redilas/","name":"Fletes en camión y camioneta plataformas y redilas - Flete en Jalisco","isPartOf":{"@id":"https://fleteenguadalajara.com/flete-en-jalisco/#website"},"primaryImageOfPage":{"@id":"https://fleteenguadalajara.com/flete-en-jalisco/fletes-en-camion-y-camioneta-plataformas-y-redilas/#primaryimage"},"image":{"@id":"https://fleteenguadalajara.com/flete-en-jalisco/fletes-en-camion-y-camioneta-plataformas-y-redilas/#primaryimage"},"thumbnailUrl":"https://fleteenguadalajara.com/flete-en-jalisco/wp-content/uploads/sites/3/2023/02/camion.jpg","datePublished":"2023-03-12T21:28:14+00:00","dateModified":"2023-03-12T21:28:14+00:00","breadcrumb":{"@id":"https://fleteenguadalajara.com/flete-en-jalisco/fletes-en-camion-y-camioneta-plataformas-y-redilas/#breadcrumb"},"inLanguage":"es","potentialAction":[{"@type":"ReadAction","target":["https://fleteenguadalajara.com/flete-en-jalisco/fletes-en-camion-y-camioneta-plataformas-y-redilas/"]}]},{"@type":"ImageObject","inLanguage":"es","@id":"https://fleteenguadalajara.com/flete-en-jalisco/fletes-en-camion-y-camioneta-plataformas-y-redilas/#primaryimage","url":"https://fleteenguadalajara.com/flete-en-jalisco/wp-content/uploads/sites/3/2023/02/camion.jpg","contentUrl":"https://fleteenguadalajara.com/flete-en-jalisco/wp-content/uploads/sites/3/2023/02/camion.jpg","width":1280,"height":576},{"@type":"BreadcrumbList","@id":"https://fleteenguadalajara.com/flete-en-jalisco/fletes-en-camion-y-camioneta-plataformas-y-redilas/#breadcrumb","itemListElement":[{"@type":"ListItem","position":1,"name":"Inicio","item":"https://fleteenguadalajara.com/flete-en-jalisco/"},{"@type":"ListItem","position":2,"name":"Fletes en camión y camioneta plataformas y redilas"}]},{"@type":"WebSite","@id":"https://fleteenguadalajara.com/flete-en-jalisco/#website","url":"https://fleteenguadalajara.com/flete-en-jalisco/","name":"Flete en Jalisco","description":"","publisher":{"@id":"https://fleteenguadalajara.com/flete-en-jalisco/#organization"},"potentialAction":[{"@type":"SearchAction","target":{"@type":"EntryPoint","urlTemplate":"https://fleteenguadalajara.com/flete-en-jalisco/?s={search_term_string}"},"query-input":"required name=search_term_string"}],"inLanguage":"es"},{"@type":"Organization","@id":"https://fleteenguadalajara.com/flete-en-jalisco/#organization","name":"Flete en Jalisco","url":"https://fleteenguadalajara.com/flete-en-jalisco/","logo":{"@type":"ImageObject","inLanguage":"es","@id":"https://fleteenguadalajara.com/flete-en-jalisco/#/schema/logo/image/","url":"https://fleteenguadalajara.com/flete-en-jalisco/wp-content/uploads/sites/3/2023/02/logo-v7-3.png","contentUrl":"https://fleteenguadalajara.com/flete-en-jalisco/wp-content/uploads/sites/3/2023/02/logo-v7-3.png","width":130,"height":109,"caption":"Flete en Jalisco"},"image":{"@id":"https://fleteenguadalajara.com/flete-en-jalisco/#/schema/logo/image/"}}]}</script>
<!-- / Yoast SEO plugin. -->

Fletes en camión y camioneta plataformas y redilas - Flete en Jalisco

Son una excelente opción para transportar cargas de gran tamaño, volumen o peso y las plataformas y redilas son ideales para cargas que no requieren protección contra el clima o solo cubrirlas con una lona plástica y su naturaleza de carga con grúa o montacargas por diferentes extremos de la plataforma, son muy versátiles y [&hellip;]
