
{"id":390,"date":"2023-03-10T16:59:56","date_gmt":"2023-03-10T16:59:56","guid":{"rendered":"https:\/\/fleteenguadalajara.com\/zona-industrial\/?post_type=testimonios&#038;p=390"},"modified":"2023-03-10T16:59:56","modified_gmt":"2023-03-10T16:59:56","slug":"los-volveria-a-contratar","status":"publish","type":"testimonios","link":"https:\/\/fleteenguadalajara.com\/zona-industrial\/blog\/testimonios\/los-volveria-a-contratar\/","title":{"rendered":"Los volver\u00eda a contratar"},"content":{"rendered":"<p>No los conoc\u00eda, pero en enero me vi en la necesidad de transportar maquinaria a un lugar donde mi compa\u00f1\u00eda de siempre no tiene cobertura.<br \/>\nQuede totalmente satisfecha.<\/p>\n","protected":false},"featured_media":0,"template":"","class_list":["post-390","testimonios","type-testimonios","status-publish","hentry"],"acf":[],"yoast_head":"<!-- This site is optimized with the Yoast SEO plugin v23.1 - https:\/\/yoast.com\/wordpress\/plugins\/seo\/ -->\n<title>Los volver\u00eda a contratar - Flete en Guadalajara Zona Industrial<\/title>\n<meta name=\"robots\" content=\"index, follow, max-snippet:-1, max-image-preview:large, max-video-preview:-1\" \/>\n<link rel=\"canonical\" href=\"https:\/\/fleteenguadalajara.com\/zona-industrial\/blog\/testimonios\/los-volveria-a-contratar\/\" \/>\n<meta property=\"og:locale\" content=\"es_MX\" \/>\n<meta property=\"og:type\" content=\"article\" \/>\n<meta property=\"og:title\" content=\"Los volver\u00eda a contratar - Flete en Guadalajara Zona Industrial\" \/>\n<meta property=\"og:description\" content=\"No los conoc\u00eda, pero en enero me vi en la necesidad de transportar maquinaria a un lugar donde mi compa\u00f1\u00eda de siempre no tiene cobertura. Quede totalmente satisfecha.\" \/>\n<meta property=\"og:url\" content=\"https:\/\/fleteenguadalajara.com\/zona-industrial\/blog\/testimonios\/los-volveria-a-contratar\/\" \/>\n<meta property=\"og:site_name\" content=\"Flete en Guadalajara Zona Industrial\" \/>\n<meta name=\"twitter:card\" content=\"summary_large_image\" \/>\n<script type=\"application\/ld+json\" class=\"yoast-schema-graph\">{\"@context\":\"https:\/\/schema.org\",\"@graph\":[{\"@type\":\"WebPage\",\"@id\":\"https:\/\/fleteenguadalajara.com\/zona-industrial\/blog\/testimonios\/los-volveria-a-contratar\/\",\"url\":\"https:\/\/fleteenguadalajara.com\/zona-industrial\/blog\/testimonios\/los-volveria-a-contratar\/\",\"name\":\"Los volver\u00eda a contratar - Flete en Guadalajara Zona Industrial\",\"isPartOf\":{\"@id\":\"https:\/\/fleteenguadalajara.com\/zona-industrial\/#website\"},\"datePublished\":\"2023-03-10T16:59:56+00:00\",\"dateModified\":\"2023-03-10T16:59:56+00:00\",\"breadcrumb\":{\"@id\":\"https:\/\/fleteenguadalajara.com\/zona-industrial\/blog\/testimonios\/los-volveria-a-contratar\/#breadcrumb\"},\"inLanguage\":\"es\",\"potentialAction\":[{\"@type\":\"ReadAction\",\"target\":[\"https:\/\/fleteenguadalajara.com\/zona-industrial\/blog\/testimonios\/los-volveria-a-contratar\/\"]}]},{\"@type\":\"BreadcrumbList\",\"@id\":\"https:\/\/fleteenguadalajara.com\/zona-industrial\/blog\/testimonios\/los-volveria-a-contratar\/#breadcrumb\",\"itemListElement\":[{\"@type\":\"ListItem\",\"position\":1,\"name\":\"Inicio\",\"item\":\"https:\/\/fleteenguadalajara.com\/zona-industrial\/\"},{\"@type\":\"ListItem\",\"position\":2,\"name\":\"Los volver\u00eda a contratar\"}]},{\"@type\":\"WebSite\",\"@id\":\"https:\/\/fleteenguadalajara.com\/zona-industrial\/#website\",\"url\":\"https:\/\/fleteenguadalajara.com\/zona-industrial\/\",\"name\":\"Flete en Guadalajara Zona Industrial\",\"description\":\"\",\"publisher\":{\"@id\":\"https:\/\/fleteenguadalajara.com\/zona-industrial\/#organization\"},\"potentialAction\":[{\"@type\":\"SearchAction\",\"target\":{\"@type\":\"EntryPoint\",\"urlTemplate\":\"https:\/\/fleteenguadalajara.com\/zona-industrial\/?s={search_term_string}\"},\"query-input\":\"required name=search_term_string\"}],\"inLanguage\":\"es\"},{\"@type\":\"Organization\",\"@id\":\"https:\/\/fleteenguadalajara.com\/zona-industrial\/#organization\",\"name\":\"Flete en Guadalajara Zona Industrial\",\"url\":\"https:\/\/fleteenguadalajara.com\/zona-industrial\/\",\"logo\":{\"@type\":\"ImageObject\",\"inLanguage\":\"es\",\"@id\":\"https:\/\/fleteenguadalajara.com\/zona-industrial\/#\/schema\/logo\/image\/\",\"url\":\"https:\/\/fleteenguadalajara.com\/zona-industrial\/wp-content\/uploads\/sites\/2\/2023\/02\/logo-v7-3.png\",\"contentUrl\":\"https:\/\/fleteenguadalajara.com\/zona-industrial\/wp-content\/uploads\/sites\/2\/2023\/02\/logo-v7-3.png\",\"width\":130,\"height\":109,\"caption\":\"Flete en Guadalajara Zona Industrial\"},\"image\":{\"@id\":\"https:\/\/fleteenguadalajara.com\/zona-industrial\/#\/schema\/logo\/image\/\"}}]}<\/script>\n<!-- \/ Yoast SEO plugin. -->","yoast_head_json":{"title":"Los volver\u00eda a contratar - Flete en Guadalajara Zona Industrial","robots":{"index":"index","follow":"follow","max-snippet":"max-snippet:-1","max-image-preview":"max-image-preview:large","max-video-preview":"max-video-preview:-1"},"canonical":"https:\/\/fleteenguadalajara.com\/zona-industrial\/blog\/testimonios\/los-volveria-a-contratar\/","og_locale":"es_MX","og_type":"article","og_title":"Los volver\u00eda a contratar - Flete en Guadalajara Zona Industrial","og_description":"No los conoc\u00eda, pero en enero me vi en la necesidad de transportar maquinaria a un lugar donde mi compa\u00f1\u00eda de siempre no tiene cobertura. Quede totalmente satisfecha.","og_url":"https:\/\/fleteenguadalajara.com\/zona-industrial\/blog\/testimonios\/los-volveria-a-contratar\/","og_site_name":"Flete en Guadalajara Zona Industrial","twitter_card":"summary_large_image","schema":{"@context":"https:\/\/schema.org","@graph":[{"@type":"WebPage","@id":"https:\/\/fleteenguadalajara.com\/zona-industrial\/blog\/testimonios\/los-volveria-a-contratar\/","url":"https:\/\/fleteenguadalajara.com\/zona-industrial\/blog\/testimonios\/los-volveria-a-contratar\/","name":"Los volver\u00eda a contratar - Flete en Guadalajara Zona Industrial","isPartOf":{"@id":"https:\/\/fleteenguadalajara.com\/zona-industrial\/#website"},"datePublished":"2023-03-10T16:59:56+00:00","dateModified":"2023-03-10T16:59:56+00:00","breadcrumb":{"@id":"https:\/\/fleteenguadalajara.com\/zona-industrial\/blog\/testimonios\/los-volveria-a-contratar\/#breadcrumb"},"inLanguage":"es","potentialAction":[{"@type":"ReadAction","target":["https:\/\/fleteenguadalajara.com\/zona-industrial\/blog\/testimonios\/los-volveria-a-contratar\/"]}]},{"@type":"BreadcrumbList","@id":"https:\/\/fleteenguadalajara.com\/zona-industrial\/blog\/testimonios\/los-volveria-a-contratar\/#breadcrumb","itemListElement":[{"@type":"ListItem","position":1,"name":"Inicio","item":"https:\/\/fleteenguadalajara.com\/zona-industrial\/"},{"@type":"ListItem","position":2,"name":"Los volver\u00eda a contratar"}]},{"@type":"WebSite","@id":"https:\/\/fleteenguadalajara.com\/zona-industrial\/#website","url":"https:\/\/fleteenguadalajara.com\/zona-industrial\/","name":"Flete en Guadalajara Zona Industrial","description":"","publisher":{"@id":"https:\/\/fleteenguadalajara.com\/zona-industrial\/#organization"},"potentialAction":[{"@type":"SearchAction","target":{"@type":"EntryPoint","urlTemplate":"https:\/\/fleteenguadalajara.com\/zona-industrial\/?s={search_term_string}"},"query-input":"required name=search_term_string"}],"inLanguage":"es"},{"@type":"Organization","@id":"https:\/\/fleteenguadalajara.com\/zona-industrial\/#organization","name":"Flete en Guadalajara Zona Industrial","url":"https:\/\/fleteenguadalajara.com\/zona-industrial\/","logo":{"@type":"ImageObject","inLanguage":"es","@id":"https:\/\/fleteenguadalajara.com\/zona-industrial\/#\/schema\/logo\/image\/","url":"https:\/\/fleteenguadalajara.com\/zona-industrial\/wp-content\/uploads\/sites\/2\/2023\/02\/logo-v7-3.png","contentUrl":"https:\/\/fleteenguadalajara.com\/zona-industrial\/wp-content\/uploads\/sites\/2\/2023\/02\/logo-v7-3.png","width":130,"height":109,"caption":"Flete en Guadalajara Zona Industrial"},"image":{"@id":"https:\/\/fleteenguadalajara.com\/zona-industrial\/#\/schema\/logo\/image\/"}}]}},"_links":{"self":[{"href":"https:\/\/fleteenguadalajara.com\/zona-industrial\/wp-json\/wp\/v2\/testimonios\/390"}],"collection":[{"href":"https:\/\/fleteenguadalajara.com\/zona-industrial\/wp-json\/wp\/v2\/testimonios"}],"about":[{"href":"https:\/\/fleteenguadalajara.com\/zona-industrial\/wp-json\/wp\/v2\/types\/testimonios"}],"wp:attachment":[{"href":"https:\/\/fleteenguadalajara.com\/zona-industrial\/wp-json\/wp\/v2\/media?parent=390"}],"curies":[{"name":"wp","href":"https:\/\/api.w.org\/{rel}","templated":true}]}}

Los volvería a contratar

<p>No los conocía, pero en enero me vi en la necesidad de transportar maquinaria a un lugar donde mi compañía de siempre no tiene cobertura.<br />
Quede totalmente satisfecha.</p>

<!-- This site is optimized with the Yoast SEO plugin v23.1 - https://yoast.com/wordpress/plugins/seo/ -->
<title>Los volvería a contratar - Flete en Guadalajara Zona Industrial</title>
<meta name="robots" content="index, follow, max-snippet:-1, max-image-preview:large, max-video-preview:-1" />
<link rel="canonical" href="https://fleteenguadalajara.com/zona-industrial/blog/testimonios/los-volveria-a-contratar/" />
<meta property="og:locale" content="es_MX" />
<meta property="og:type" content="article" />
<meta property="og:title" content="Los volvería a contratar - Flete en Guadalajara Zona Industrial" />
<meta property="og:description" content="No los conocía, pero en enero me vi en la necesidad de transportar maquinaria a un lugar donde mi compañía de siempre no tiene cobertura. Quede totalmente satisfecha." />
<meta property="og:url" content="https://fleteenguadalajara.com/zona-industrial/blog/testimonios/los-volveria-a-contratar/" />
<meta property="og:site_name" content="Flete en Guadalajara Zona Industrial" />
<meta name="twitter:card" content="summary_large_image" />
<script type="application/ld+json" class="yoast-schema-graph">{"@context":"https://schema.org","@graph":[{"@type":"WebPage","@id":"https://fleteenguadalajara.com/zona-industrial/blog/testimonios/los-volveria-a-contratar/","url":"https://fleteenguadalajara.com/zona-industrial/blog/testimonios/los-volveria-a-contratar/","name":"Los volvería a contratar - Flete en Guadalajara Zona Industrial","isPartOf":{"@id":"https://fleteenguadalajara.com/zona-industrial/#website"},"datePublished":"2023-03-10T16:59:56+00:00","dateModified":"2023-03-10T16:59:56+00:00","breadcrumb":{"@id":"https://fleteenguadalajara.com/zona-industrial/blog/testimonios/los-volveria-a-contratar/#breadcrumb"},"inLanguage":"es","potentialAction":[{"@type":"ReadAction","target":["https://fleteenguadalajara.com/zona-industrial/blog/testimonios/los-volveria-a-contratar/"]}]},{"@type":"BreadcrumbList","@id":"https://fleteenguadalajara.com/zona-industrial/blog/testimonios/los-volveria-a-contratar/#breadcrumb","itemListElement":[{"@type":"ListItem","position":1,"name":"Inicio","item":"https://fleteenguadalajara.com/zona-industrial/"},{"@type":"ListItem","position":2,"name":"Los volvería a contratar"}]},{"@type":"WebSite","@id":"https://fleteenguadalajara.com/zona-industrial/#website","url":"https://fleteenguadalajara.com/zona-industrial/","name":"Flete en Guadalajara Zona Industrial","description":"","publisher":{"@id":"https://fleteenguadalajara.com/zona-industrial/#organization"},"potentialAction":[{"@type":"SearchAction","target":{"@type":"EntryPoint","urlTemplate":"https://fleteenguadalajara.com/zona-industrial/?s={search_term_string}"},"query-input":"required name=search_term_string"}],"inLanguage":"es"},{"@type":"Organization","@id":"https://fleteenguadalajara.com/zona-industrial/#organization","name":"Flete en Guadalajara Zona Industrial","url":"https://fleteenguadalajara.com/zona-industrial/","logo":{"@type":"ImageObject","inLanguage":"es","@id":"https://fleteenguadalajara.com/zona-industrial/#/schema/logo/image/","url":"https://fleteenguadalajara.com/zona-industrial/wp-content/uploads/sites/2/2023/02/logo-v7-3.png","contentUrl":"https://fleteenguadalajara.com/zona-industrial/wp-content/uploads/sites/2/2023/02/logo-v7-3.png","width":130,"height":109,"caption":"Flete en Guadalajara Zona Industrial"},"image":{"@id":"https://fleteenguadalajara.com/zona-industrial/#/schema/logo/image/"}}]}</script>
<!-- / Yoast SEO plugin. -->

Los volvería a contratar - Flete en Guadalajara Zona Industrial

No los conocía, pero en enero me vi en la necesidad de transportar maquinaria a un lugar donde mi compañía de siempre no tiene cobertura. Quede totalmente satisfecha.
